{"id":93,"date":"2025-09-11T23:02:03","date_gmt":"2025-09-11T20:02:03","guid":{"rendered":"https:\/\/merveulusoy.com\/?page_id=93"},"modified":"2025-09-11T23:02:03","modified_gmt":"2025-09-11T20:02:03","slug":"hakkimda","status":"publish","type":"page","link":"https:\/\/merveulusoy.com\/index.php\/hakkimda\/","title":{"rendered":"Hakk\u0131mda"},"content":{"rendered":"\n<p>Merhaba ben Merve. <\/p>\n\n\n\n<p>Y\u00fckselenim Kova, G\u00fcne\u015f\u2019im Terazi ve Ay\u2019\u0131m Bo\u011fa, Ven\u00fcs\u2019\u00fcm Yay.<\/p>\n\n\n\n<p>G\u00fczel Sanatlar Fak\u00fcltesi Piyano b\u00f6l\u00fcm\u00fc mezunuyum. <\/p>\n\n\n\n<p>Astrolojik dan\u0131\u015fmanl\u0131klarla birlikte YouTube&#8217;da i\u00e7erik \u00fcretmeye ve piyano \u00f6\u011fretmenli\u011fi yapmaya devam ediyorum.<\/p>\n\n\n\n<p><\/p>\n\n\n\n<h4 class=\"wp-block-heading\">E\u011fitimlerim<\/h4>\n\n\n\n<p>\u2022Temel ve Orta Seviye Astroloji E\u011fitimi (Karma ve Ezoterik) &#8211; O\u011fuzhan Ceyhan Akademi \/ G\u00fclnihal \u00d6zt\u00fcrk<br>\u2022Temel Astroloji E\u011fitimi &#8211; \u0130lkay \u00c7\u0131kla<br>\u2022\u0130leri Seviye Astroloji E\u011fitimi (Karma ve Ezoterik) &#8211; O\u011fuzhan Ceyhan<br>\u2022Orta ve \u0130leri Seviye Astroloji E\u011fitimi (Klasik ve Modern) &#8211; Astrolozi Akademi \/ Zerrin Zindanc\u0131o\u011flu<br>\u2022Rektifikasyon E\u011fitimi (Do\u011fum Saati Bulma) &#8211; Zerrin Zindanc\u0131o\u011flu<br>\u2022Dereceler E\u011fitimi &#8211; Sevgi Alis Y\u0131ld\u0131r\u0131m<br>\u2022Dharma Astroloji E\u011fitimi &#8211; Sevgi Alis Y\u0131ld\u0131r\u0131m<br>\u2022Horary E\u011fitimi (Soru Astrolojisi) &#8211; Devrim Day\u0131o\u011flu<br>\u2022S\u00fctun ve Se\u00e7im Astrolojisi E\u011fitimi &#8211; Devrim Day\u0131o\u011flu<br>\u2022\u0130li\u015fkiler Astrolojisi &#8211; Bar\u0131\u015f \u00d6zk\u0131r\u0131\u015f<br>\u2022Sinastri E\u011fitimi (\u0130li\u015fki Uyumu) &#8211; Sevilay Eri\u00e7dem<br>\u2022Temel ve \u0130leri seviye Numeroloji E\u011fitimi &#8211; Nur Tu\u011fba \u015eahbaz<\/p>\n\n\n\n<p>Workshop ve At\u00f6lyeler<\/p>\n\n\n\n<p>\u2022Do\u011fum Haritas\u0131 Okuma At\u00f6lyesi &#8211; \u0130pek \u00d6z<br>\u2022Harita \u0130yile\u015ftirme At\u00f6lyesi &#8211; \u0130pek \u00d6z<br>\u2022Transit Okuma At\u00f6lyesi &#8211; \u0130pek \u00d6z<br>\u2022Prenatal Workshop &#8211; Tu\u011fba Karaday\u0131<br>\u2022Kiron Workshop &#8211; Tu\u011fba Karaday\u0131<br>\u2022Solar Return Workshop &#8211; Tu\u011fba Karaday\u0131<br>\u2022Ay D\u00fc\u011f\u00fcmleri Workshop &#8211; Tu\u011fba Karaday\u0131<br>\u2022Solar Return Workshop &#8211; Figen Kutay<br>\u2022Finansal G\u00f6stergeler Workshop &#8211; Halit Peker<\/p>\n","protected":false},"excerpt":{"rendered":"<p>Merhaba ben Merve. Y\u00fckselenim Kova, G\u00fcne\u015f\u2019im Terazi ve Ay\u2019\u0131m Bo\u011fa, Ven\u00fcs\u2019\u00fcm Yay. G\u00fczel Sanatlar Fak\u00fcltesi Piyano b\u00f6l\u00fcm\u00fc mezunuyum. Astrolojik dan\u0131\u015fmanl\u0131klarla birlikte YouTube&#8217;da i\u00e7erik \u00fcretmeye ve piyano \u00f6\u011fretmenli\u011fi yapmaya devam ediyorum. E\u011fitimlerim \u2022Temel ve Orta Seviye Astroloji E\u011fitimi (Karma ve Ezoterik) &#8211; O\u011fuzhan Ceyhan Akademi \/ G\u00fclnihal \u00d6zt\u00fcrk\u2022Temel Astroloji E\u011fitimi &#8211; \u0130lkay \u00c7\u0131kla\u2022\u0130leri Seviye Astroloji E\u011fitimi [&hellip;]<\/p>\n","protected":false},"author":1,"featured_media":0,"parent":0,"menu_order":0,"comment_status":"closed","ping_status":"closed","template":"","meta":{"footnotes":""},"class_list":["post-93","page","type-page","status-publish","hentry"],"_links":{"self":[{"href":"https:\/\/merveulusoy.com\/index.php\/wp-json\/wp\/v2\/pages\/93","targetHints":{"allow":["GET"]}}],"collection":[{"href":"https:\/\/merveulusoy.com\/index.php\/wp-json\/wp\/v2\/pages"}],"about":[{"href":"https:\/\/merveulusoy.com\/index.php\/wp-json\/wp\/v2\/types\/page"}],"author":[{"embeddable":true,"href":"https:\/\/merveulusoy.com\/index.php\/wp-json\/wp\/v2\/users\/1"}],"replies":[{"embeddable":true,"href":"https:\/\/merveulusoy.com\/index.php\/wp-json\/wp\/v2\/comments?post=93"}],"version-history":[{"count":1,"href":"https:\/\/merveulusoy.com\/index.php\/wp-json\/wp\/v2\/pages\/93\/revisions"}],"predecessor-version":[{"id":94,"href":"https:\/\/merveulusoy.com\/index.php\/wp-json\/wp\/v2\/pages\/93\/revisions\/94"}],"wp:attachment":[{"href":"https:\/\/merveulusoy.com\/index.php\/wp-json\/wp\/v2\/media?parent=93"}],"curies":[{"name":"wp","href":"https:\/\/api.w.org\/{rel}","templated":true}]}}