{"id":69,"date":"2025-09-11T21:48:08","date_gmt":"2025-09-11T18:48:08","guid":{"rendered":"https:\/\/merveulusoy.com\/?page_id=69"},"modified":"2025-09-11T22:42:23","modified_gmt":"2025-09-11T19:42:23","slug":"dogum-haritasi-analizi","status":"publish","type":"page","link":"https:\/\/merveulusoy.com\/index.php\/dogum-haritasi-analizi\/","title":{"rendered":"Dan\u0131\u015fmanl\u0131klar"},"content":{"rendered":"\n<h3 class=\"wp-block-heading\">do\u011fum haritas\u0131 analizi<\/h3>\n\n\n\n<ul class=\"wp-block-list is-style-default\">\n<li>Ki\u015filik \u00f6zellikleri<\/li>\n\n\n\n<li>Element dengesi<\/li>\n\n\n\n<li>Gezegenlerinizin birbiriyle kurdu\u011fu t\u00fcm a\u00e7\u0131lar ve size etkisi<\/li>\n\n\n\n<li>\u00d6nemli asteroidler ve size etkisi<\/li>\n\n\n\n<li>G\u00fc\u00e7l\u00fc ve zay\u0131f y\u00f6nler<\/li>\n\n\n\n<li>Geli\u015ftirilmesi gereken taraflar<\/li>\n\n\n\n<li>\u0130li\u015fkiler ve Aile konular\u0131n\u0131z<\/li>\n\n\n\n<li>Hayatta gidilmesi gereken y\u00f6n<\/li>\n\n\n\n<li>Haritaki \u00f6nemli sabit y\u0131ld\u0131zlar\u0131n\u0131z ve \u00f6zellikleri<\/li>\n\n\n\n<li>Kazan\u00e7 ve meslekle ilgili g\u00f6stergelerin yorumu<\/li>\n\n\n\n<li>Bunun d\u0131\u015f\u0131nda sizin \u00f6zellikle merak etti\u011finiz konu<\/li>\n\n\n\n<li id=\"https:\/\/merveulusoy.com\/?page_id=69-\">Haritadaki b\u00fct\u00fcn potansiyellerin detayl\u0131ca incelenmesi <\/li>\n<\/ul>\n\n\n\n<p>hakk\u0131nda \u00e7ok \u00e7ok detayl\u0131 bir \u00e7al\u0131\u015fma yap\u0131l\u0131r. Yakla\u015f\u0131k 1,5 saat s\u00fcren bu analiz y\u00fcksek kaliteli bir ses kayd\u0131 olarak mail yoluyla iletilir.<\/p>\n\n\n\n<h3 class=\"wp-block-heading\">Sinastri (\u0130li\u015fki Analizi)<\/h3>\n\n\n\n<p>\u0130ki ki\u015finin haritas\u0131na g\u00f6re;<\/p>\n\n\n\n<p>\u2022Uyumlu ve uyumsuz y\u00f6nleri,<br>\u2022Hangi konularda anla\u015fabilecekleri<br>\u2022Hangi konuda anla\u015fmakta zorlanacaklar\u0131<br>\u2022Birbirlerinin hayat\u0131na nas\u0131l etki ettikleri<br>\u2022Hayata bak\u0131\u015f a\u00e7\u0131lar\u0131<br>\u2022Hayattan beklentileri<br>\u2022Sevgi dilleri ve ileti\u015fimleri hakk\u0131nda yap\u0131lan analiz.<\/p>\n\n\n\n<p>Sinastri i\u00e7in yakla\u015f\u0131k 1 saat s\u00fcren analiz, y\u00fcksek kaliteli ses kayd\u0131 olarak mail adresinize iletilecektir.<\/p>\n\n\n\n<h3 class=\"wp-block-heading\">\u00d6ng\u00f6r\u00fc Analizi<\/h3>\n\n\n\n<p>Transitler, solar return, profeksiyon, progress gibi y\u00f6ntemler kullan\u0131l\u0131r ve o d\u00f6nemki tutulmalar ve yeniay-dolunaylar incelenir.<\/p>\n\n\n\n<p>\u2022O y\u0131l \u00f6ne \u00e7\u0131kan konular<br>\u2022Zorluk ya\u015fanan hayat alan\u0131<br>\u2022\u015eansl\u0131 olunan alan<br>\u2022Dikkat edilmesi gerekenler<br>\u2022Hangi alana y\u00f6nelmek gerekti\u011fi<br>\u2022Sizin o d\u00f6nem i\u00e7in merak ettikleriniz<\/p>\n\n\n\n<p>konular\u0131n\u0131 i\u00e7eren detayl\u0131 bir incelemedir.<\/p>\n\n\n\n<p>1 y\u0131ll\u0131k \u00f6ng\u00f6r\u00fc i\u00e7in yakla\u015f\u0131k 1,5 saatlik ses kayd\u0131 mail adresinize iletilecektir.<\/p>\n","protected":false},"excerpt":{"rendered":"<p>do\u011fum haritas\u0131 analizi hakk\u0131nda \u00e7ok \u00e7ok detayl\u0131 bir \u00e7al\u0131\u015fma yap\u0131l\u0131r. Yakla\u015f\u0131k 1,5 saat s\u00fcren bu analiz y\u00fcksek kaliteli bir ses kayd\u0131 olarak mail yoluyla iletilir. Sinastri (\u0130li\u015fki Analizi) \u0130ki ki\u015finin haritas\u0131na g\u00f6re; \u2022Uyumlu ve uyumsuz y\u00f6nleri,\u2022Hangi konularda anla\u015fabilecekleri\u2022Hangi konuda anla\u015fmakta zorlanacaklar\u0131\u2022Birbirlerinin hayat\u0131na nas\u0131l etki ettikleri\u2022Hayata bak\u0131\u015f a\u00e7\u0131lar\u0131\u2022Hayattan beklentileri\u2022Sevgi dilleri ve ileti\u015fimleri hakk\u0131nda yap\u0131lan analiz. Sinastri [&hellip;]<\/p>\n","protected":false},"author":1,"featured_media":0,"parent":0,"menu_order":0,"comment_status":"closed","ping_status":"closed","template":"","meta":{"footnotes":""},"class_list":["post-69","page","type-page","status-publish","hentry"],"_links":{"self":[{"href":"https:\/\/merveulusoy.com\/index.php\/wp-json\/wp\/v2\/pages\/69","targetHints":{"allow":["GET"]}}],"collection":[{"href":"https:\/\/merveulusoy.com\/index.php\/wp-json\/wp\/v2\/pages"}],"about":[{"href":"https:\/\/merveulusoy.com\/index.php\/wp-json\/wp\/v2\/types\/page"}],"author":[{"embeddable":true,"href":"https:\/\/merveulusoy.com\/index.php\/wp-json\/wp\/v2\/users\/1"}],"replies":[{"embeddable":true,"href":"https:\/\/merveulusoy.com\/index.php\/wp-json\/wp\/v2\/comments?post=69"}],"version-history":[{"count":5,"href":"https:\/\/merveulusoy.com\/index.php\/wp-json\/wp\/v2\/pages\/69\/revisions"}],"predecessor-version":[{"id":80,"href":"https:\/\/merveulusoy.com\/index.php\/wp-json\/wp\/v2\/pages\/69\/revisions\/80"}],"wp:attachment":[{"href":"https:\/\/merveulusoy.com\/index.php\/wp-json\/wp\/v2\/media?parent=69"}],"curies":[{"name":"wp","href":"https:\/\/api.w.org\/{rel}","templated":true}]}}